{"id":505,"date":"2024-06-05T21:10:48","date_gmt":"2024-06-06T00:10:48","guid":{"rendered":"https:\/\/radiovilardevoz.org\/?page_id=505"},"modified":"2024-06-05T21:26:46","modified_gmt":"2024-06-06T00:26:46","slug":"campanas-2","status":"publish","type":"page","link":"https:\/\/radiovilardevoz.org\/?page_id=505","title":{"rendered":"Campa\u00f1as"},"content":{"rendered":"<p><img fetchpriority=\"high\" decoding=\"async\" class=\"alignnone size-full wp-image-325\" src=\"https:\/\/radiovilardevoz.org\/wp-content\/uploads\/2023\/10\/encabezadoCampana-2.png\" alt=\"\" width=\"899\" height=\"460\" \/><\/p>\n<p style=\"text-align: center;\">De arriba hacia abajo:<\/p>\n<p>1. Documental Rompiendo el Silencio<br \/>\n2. Canci\u00f3n de la Campa\u00f1a<br \/>\n3. Entrevista al Ps. Nelson de Le\u00f3n<br \/>\n4. Documental La Nave de los Locos<br \/>\n5. Spot N\u00b03 de la Campa\u00f1a<br \/>\n6. Entrevista al Ps. Hebert Tenenbaum<br \/>\n7. Entrevista a la Ps. Cristina Ant\u00fanez<\/p>\n<p>&nbsp;<\/p>\n<p><iframe class=\"video\" title=\"YouTube video player\" src=\"https:\/\/www.youtube.com\/embed\/XKx17kg-Pwg?si=6_GxvOaRPlDMGpRR\" width=\"560\" height=\"315\" frameborder=\"0\" allowfullscreen=\"allowfullscreen\"><\/iframe><\/p>\n<p><iframe class=\"video\" title=\"YouTube video player\" src=\"https:\/\/www.youtube.com\/embed\/XBppcxTTwDQ?si=eRnbi2NG7vMlfX3Z\" width=\"560\" height=\"315\" frameborder=\"0\" allowfullscreen=\"allowfullscreen\"><\/iframe><\/p>\n<p><iframe class=\"video\" title=\"YouTube video player\" src=\"https:\/\/www.youtube.com\/embed\/OY0XbYoMw-U?si=qaZAxxkolR-onSKm\" width=\"560\" height=\"315\" frameborder=\"0\" allowfullscreen=\"allowfullscreen\"><\/iframe><\/p>\n<p><iframe class=\"video\" title=\"YouTube video player\" src=\"https:\/\/www.youtube.com\/embed\/Gwaasm8xCks?si=_P18EINTjEZSX8km\" width=\"560\" height=\"315\" frameborder=\"0\" allowfullscreen=\"allowfullscreen\"><\/iframe><\/p>\n<p><iframe class=\"video\" title=\"YouTube video player\" src=\"https:\/\/www.youtube.com\/embed\/Hqo_rN_U9Mo?si=ytQq1cr5CioK4qVE\" width=\"560\" height=\"315\" frameborder=\"0\" allowfullscreen=\"allowfullscreen\"><\/iframe><\/p>\n<p><iframe class=\"video\" title=\"YouTube video player\" src=\"https:\/\/www.youtube.com\/embed\/el6rWPF8OZo?si=HP_Lxxee5xE9HWPN\" width=\"560\" height=\"315\" frameborder=\"0\" allowfullscreen=\"allowfullscreen\"><\/iframe><\/p>\n<p><iframe class=\"video\" title=\"YouTube video player\" src=\"https:\/\/www.youtube.com\/embed\/e5hJlcivvks?si=zZsATr_xqFoyiWNF\" width=\"560\" height=\"315\" frameborder=\"0\" allowfullscreen=\"allowfullscreen\"><\/iframe><\/p>\n<div class=\"pvc_clear\"><\/div>\n<p id=\"pvc_stats_505\" class=\"pvc_stats all  \" data-element-id=\"505\" style=\"\"><i class=\"pvc-stats-icon large\" aria-hidden=\"true\"><svg aria-hidden=\"true\" focusable=\"false\" data-prefix=\"far\" data-icon=\"chart-bar\" role=\"img\" xmlns=\"http:\/\/www.w3.org\/2000\/svg\" viewBox=\"0 0 512 512\" class=\"svg-inline--fa fa-chart-bar fa-w-16 fa-2x\"><path fill=\"currentColor\" d=\"M396.8 352h22.4c6.4 0 12.8-6.4 12.8-12.8V108.8c0-6.4-6.4-12.8-12.8-12.8h-22.4c-6.4 0-12.8 6.4-12.8 12.8v230.4c0 6.4 6.4 12.8 12.8 12.8zm-192 0h22.4c6.4 0 12.8-6.4 12.8-12.8V140.8c0-6.4-6.4-12.8-12.8-12.8h-22.4c-6.4 0-12.8 6.4-12.8 12.8v198.4c0 6.4 6.4 12.8 12.8 12.8zm96 0h22.4c6.4 0 12.8-6.4 12.8-12.8V204.8c0-6.4-6.4-12.8-12.8-12.8h-22.4c-6.4 0-12.8 6.4-12.8 12.8v134.4c0 6.4 6.4 12.8 12.8 12.8zM496 400H48V80c0-8.84-7.16-16-16-16H16C7.16 64 0 71.16 0 80v336c0 17.67 14.33 32 32 32h464c8.84 0 16-7.16 16-16v-16c0-8.84-7.16-16-16-16zm-387.2-48h22.4c6.4 0 12.8-6.4 12.8-12.8v-70.4c0-6.4-6.4-12.8-12.8-12.8h-22.4c-6.4 0-12.8 6.4-12.8 12.8v70.4c0 6.4 6.4 12.8 12.8 12.8z\" class=\"\"><\/path><\/svg><\/i> <img decoding=\"async\" width=\"16\" height=\"16\" alt=\"Loading\" src=\"https:\/\/radiovilardevoz.org\/wp-content\/plugins\/page-views-count\/ajax-loader-2x.gif\" border=0 \/><\/p>\n<div class=\"pvc_clear\"><\/div>\n","protected":false},"excerpt":{"rendered":"<p>De arriba hacia abajo: 1. Documental Rompiendo el Silencio 2. Canci\u00f3n de la Campa\u00f1a 3. Entrevista al Ps. Nelson de Le\u00f3n 4. Documental La Nave de los Locos 5. Spot&hellip; <\/p>\n<div class=\"pvc_clear\"><\/div>\n<p id=\"pvc_stats_505\" class=\"pvc_stats all  \" data-element-id=\"505\" style=\"\"><i class=\"pvc-stats-icon large\" aria-hidden=\"true\"><svg aria-hidden=\"true\" focusable=\"false\" data-prefix=\"far\" data-icon=\"chart-bar\" role=\"img\" xmlns=\"http:\/\/www.w3.org\/2000\/svg\" viewBox=\"0 0 512 512\" class=\"svg-inline--fa fa-chart-bar fa-w-16 fa-2x\"><path fill=\"currentColor\" d=\"M396.8 352h22.4c6.4 0 12.8-6.4 12.8-12.8V108.8c0-6.4-6.4-12.8-12.8-12.8h-22.4c-6.4 0-12.8 6.4-12.8 12.8v230.4c0 6.4 6.4 12.8 12.8 12.8zm-192 0h22.4c6.4 0 12.8-6.4 12.8-12.8V140.8c0-6.4-6.4-12.8-12.8-12.8h-22.4c-6.4 0-12.8 6.4-12.8 12.8v198.4c0 6.4 6.4 12.8 12.8 12.8zm96 0h22.4c6.4 0 12.8-6.4 12.8-12.8V204.8c0-6.4-6.4-12.8-12.8-12.8h-22.4c-6.4 0-12.8 6.4-12.8 12.8v134.4c0 6.4 6.4 12.8 12.8 12.8zM496 400H48V80c0-8.84-7.16-16-16-16H16C7.16 64 0 71.16 0 80v336c0 17.67 14.33 32 32 32h464c8.84 0 16-7.16 16-16v-16c0-8.84-7.16-16-16-16zm-387.2-48h22.4c6.4 0 12.8-6.4 12.8-12.8v-70.4c0-6.4-6.4-12.8-12.8-12.8h-22.4c-6.4 0-12.8 6.4-12.8 12.8v70.4c0 6.4 6.4 12.8 12.8 12.8z\" class=\"\"><\/path><\/svg><\/i> <img decoding=\"async\" width=\"16\" height=\"16\" alt=\"Loading\" src=\"https:\/\/radiovilardevoz.org\/wp-content\/plugins\/page-views-count\/ajax-loader-2x.gif\" border=0 \/><\/p>\n<div class=\"pvc_clear\"><\/div>\n","protected":false},"author":4,"featured_media":0,"parent":0,"menu_order":0,"comment_status":"closed","ping_status":"closed","template":"","meta":{"footnotes":""},"class_list":["post-505","page","type-page","status-publish","hentry"],"_links":{"self":[{"href":"https:\/\/radiovilardevoz.org\/index.php?rest_route=\/wp\/v2\/pages\/505","targetHints":{"allow":["GET"]}}],"collection":[{"href":"https:\/\/radiovilardevoz.org\/index.php?rest_route=\/wp\/v2\/pages"}],"about":[{"href":"https:\/\/radiovilardevoz.org\/index.php?rest_route=\/wp\/v2\/types\/page"}],"author":[{"embeddable":true,"href":"https:\/\/radiovilardevoz.org\/index.php?rest_route=\/wp\/v2\/users\/4"}],"replies":[{"embeddable":true,"href":"https:\/\/radiovilardevoz.org\/index.php?rest_route=%2Fwp%2Fv2%2Fcomments&post=505"}],"version-history":[{"count":5,"href":"https:\/\/radiovilardevoz.org\/index.php?rest_route=\/wp\/v2\/pages\/505\/revisions"}],"predecessor-version":[{"id":522,"href":"https:\/\/radiovilardevoz.org\/index.php?rest_route=\/wp\/v2\/pages\/505\/revisions\/522"}],"wp:attachment":[{"href":"https:\/\/radiovilardevoz.org\/index.php?rest_route=%2Fwp%2Fv2%2Fmedia&parent=505"}],"curies":[{"name":"wp","href":"https:\/\/api.w.org\/{rel}","templated":true}]}}

Campañas

<p><img fetchpriority="high" decoding="async" class="alignnone size-full wp-image-325" src="https://radiovilardevoz.org/wp-content/uploads/2023/10/encabezadoCampana-2.png" alt="" width="899" height="460" /></p>
<p style="text-align: center;">De arriba hacia abajo:</p>
<p>1. Documental Rompiendo el Silencio<br />
2. Canción de la Campaña<br />
3. Entrevista al Ps. Nelson de León<br />
4. Documental La Nave de los Locos<br />
5. Spot N°3 de la Campaña<br />
6. Entrevista al Ps. Hebert Tenenbaum<br />
7. Entrevista a la Ps. Cristina Antúnez</p>
<p>&nbsp;</p>
<p><iframe class="video" title="YouTube video player" src="https://www.youtube.com/embed/XKx17kg-Pwg?si=6_GxvOaRPlDMGpRR" width="560" height="315" frameborder="0" allowfullscreen="allowfullscreen"></iframe></p>
<p><iframe class="video" title="YouTube video player" src="https://www.youtube.com/embed/XBppcxTTwDQ?si=eRnbi2NG7vMlfX3Z" width="560" height="315" frameborder="0" allowfullscreen="allowfullscreen"></iframe></p>
<p><iframe class="video" title="YouTube video player" src="https://www.youtube.com/embed/OY0XbYoMw-U?si=qaZAxxkolR-onSKm" width="560" height="315" frameborder="0" allowfullscreen="allowfullscreen"></iframe></p>
<p><iframe class="video" title="YouTube video player" src="https://www.youtube.com/embed/Gwaasm8xCks?si=_P18EINTjEZSX8km" width="560" height="315" frameborder="0" allowfullscreen="allowfullscreen"></iframe></p>
<p><iframe class="video" title="YouTube video player" src="https://www.youtube.com/embed/Hqo_rN_U9Mo?si=ytQq1cr5CioK4qVE" width="560" height="315" frameborder="0" allowfullscreen="allowfullscreen"></iframe></p>
<p><iframe class="video" title="YouTube video player" src="https://www.youtube.com/embed/el6rWPF8OZo?si=HP_Lxxee5xE9HWPN" width="560" height="315" frameborder="0" allowfullscreen="allowfullscreen"></iframe></p>
<p><iframe class="video" title="YouTube video player" src="https://www.youtube.com/embed/e5hJlcivvks?si=zZsATr_xqFoyiWNF" width="560" height="315" frameborder="0" allowfullscreen="allowfullscreen"></iframe></p>
<div class="pvc_clear"></div>
<p id="pvc_stats_505" class="pvc_stats all  " data-element-id="505" style=""><i class="pvc-stats-icon large" aria-hidden="true"><svg aria-hidden="true" focusable="false" data-prefix="far" data-icon="chart-bar" role="img" xmlns="http://www.w3.org/2000/svg" viewBox="0 0 512 512" class="svg-inline--fa fa-chart-bar fa-w-16 fa-2x"><path fill="currentColor" d="M396.8 352h22.4c6.4 0 12.8-6.4 12.8-12.8V108.8c0-6.4-6.4-12.8-12.8-12.8h-22.4c-6.4 0-12.8 6.4-12.8 12.8v230.4c0 6.4 6.4 12.8 12.8 12.8zm-192 0h22.4c6.4 0 12.8-6.4 12.8-12.8V140.8c0-6.4-6.4-12.8-12.8-12.8h-22.4c-6.4 0-12.8 6.4-12.8 12.8v198.4c0 6.4 6.4 12.8 12.8 12.8zm96 0h22.4c6.4 0 12.8-6.4 12.8-12.8V204.8c0-6.4-6.4-12.8-12.8-12.8h-22.4c-6.4 0-12.8 6.4-12.8 12.8v134.4c0 6.4 6.4 12.8 12.8 12.8zM496 400H48V80c0-8.84-7.16-16-16-16H16C7.16 64 0 71.16 0 80v336c0 17.67 14.33 32 32 32h464c8.84 0 16-7.16 16-16v-16c0-8.84-7.16-16-16-16zm-387.2-48h22.4c6.4 0 12.8-6.4 12.8-12.8v-70.4c0-6.4-6.4-12.8-12.8-12.8h-22.4c-6.4 0-12.8 6.4-12.8 12.8v70.4c0 6.4 6.4 12.8 12.8 12.8z" class=""></path></svg></i> <img decoding="async" width="16" height="16" alt="Loading" src="https://radiovilardevoz.org/wp-content/plugins/page-views-count/ajax-loader-2x.gif" border=0 /></p>
<div class="pvc_clear"></div>

<p>De arriba hacia abajo: 1. Documental Rompiendo el Silencio 2. Canción de la Campaña 3. Entrevista al Ps. Nelson de León 4. Documental La Nave de los Locos 5. Spot&hellip; </p>
<div class="pvc_clear"></div>
<p id="pvc_stats_505" class="pvc_stats all  " data-element-id="505" style=""><i class="pvc-stats-icon large" aria-hidden="true"><svg aria-hidden="true" focusable="false" data-prefix="far" data-icon="chart-bar" role="img" xmlns="http://www.w3.org/2000/svg" viewBox="0 0 512 512" class="svg-inline--fa fa-chart-bar fa-w-16 fa-2x"><path fill="currentColor" d="M396.8 352h22.4c6.4 0 12.8-6.4 12.8-12.8V108.8c0-6.4-6.4-12.8-12.8-12.8h-22.4c-6.4 0-12.8 6.4-12.8 12.8v230.4c0 6.4 6.4 12.8 12.8 12.8zm-192 0h22.4c6.4 0 12.8-6.4 12.8-12.8V140.8c0-6.4-6.4-12.8-12.8-12.8h-22.4c-6.4 0-12.8 6.4-12.8 12.8v198.4c0 6.4 6.4 12.8 12.8 12.8zm96 0h22.4c6.4 0 12.8-6.4 12.8-12.8V204.8c0-6.4-6.4-12.8-12.8-12.8h-22.4c-6.4 0-12.8 6.4-12.8 12.8v134.4c0 6.4 6.4 12.8 12.8 12.8zM496 400H48V80c0-8.84-7.16-16-16-16H16C7.16 64 0 71.16 0 80v336c0 17.67 14.33 32 32 32h464c8.84 0 16-7.16 16-16v-16c0-8.84-7.16-16-16-16zm-387.2-48h22.4c6.4 0 12.8-6.4 12.8-12.8v-70.4c0-6.4-6.4-12.8-12.8-12.8h-22.4c-6.4 0-12.8 6.4-12.8 12.8v70.4c0 6.4 6.4 12.8 12.8 12.8z" class=""></path></svg></i> <img decoding="async" width="16" height="16" alt="Loading" src="https://radiovilardevoz.org/wp-content/plugins/page-views-count/ajax-loader-2x.gif" border=0 /></p>
<div class="pvc_clear"></div>
